 - 3 = 0. Let c = f - -87. Let x = -26 + 48. Calculate the greatest common factor of c and x.
11
Suppose i + 20 = 6*i. Suppose 0 = -i*d + 4 + 8. Suppose -31 = -5*r + x + x, -6 = -d*r - 3*x. Calculate the greatest common divisor of 1 and r.
1
Let q(t) = -t**3 - t. Let y(z) = -z**3 - 2*z**2. Let s(o) = 2*q(o) + y(o). Let f be s(-2). What is the greatest common factor of f and 90?
10
Suppose -a - l + 0*l - 2 = 0, -4*a = l + 20. Let b = a + 8. Let g be 30/(3*b/8). What is the highest common divisor of g and 16?
8
Let h = 150 + -118. Calculate the highest common divisor of h and 68.
4
Let q = 839 - 829. What is the highest common factor of 130 and q?
10
Suppose 23*n = 29*n - 504. Suppose n = 5*b + 2*b. Calculate the highest common divisor of b and 66.
6
Suppose -341 = -7*v + 555. Calculate the highest common divisor of v and 16.
16
Let k(n) = -n**3 - 20*n**2 - 24*n + 37. Let g be k(-19). What is the highest common divisor of 12 and g?
12
Let b be (-11)/((-52)/16 + 3). Suppose 0 = -18*h + 25*h - 28. Calculate the greatest common factor of b and h.
4
Let a(j) = j**3 - j**2 - 4*j - 5. Let n be a(4). Let g be (-14)/4*44/(-77). Let k be g/(-9) + 465/n. What is the highest common divisor of 34 and k?
17
Suppose n - 13 = -0*n + x, -n - 12 = 4*x. What is the highest common divisor of 4 and n?
4
Let g(j) = -52*j**3 - 3*j**2 - 2*j. Let s be g(-1). Suppose -v = 3*c - 88, 3 = 3*v + 18. Let i = s - c. What is the highest common factor of i and 140?
20
Let o(n) = -3*n - 21. Let i be o(-33). Calculate the highest common factor of i and 130.
26
Let t(b) = 2*b**2 - b**3 + 11*b**2 - 11*b**2 + 3*b + 0*b**3. Let l(q) = -q + 8. Let k be l(10). Let v be t(k). What is the greatest common divisor of v and 40?
10
Let f = -340 - -448. What is the highest common divisor of f and 270?
54
Let b be ((-40)/14 - -2)/((-9)/63). Suppose s - 62 = -r - 3*r, -3*s + r + 160 = 0. What is the greatest common divisor of s and b?
6
Suppose 5293 = 9*f - 4013. What is the highest common divisor of 11 and f?
11
Let h = 3 + -11. Let d be (-1)/(9/6 + -1). Let x be (10/h)/(d/112). Calculate the greatest common factor of 28 and x.
14
Let i = 652 + -202. What is the greatest common factor of i and 18?
18
Suppose i + 54 - 8 = 0. Let d = 56 + i. What is the greatest common factor of 80 and d?
10
Suppose -4*l + 4 + 16 = 0. Let n(z) = -2*z**2 - 12*z - 1. Let x be n(-9). Let j be 10/x - (-1548)/44. Calculate the highest common divisor of l and j.
5
Let a be -52 + (2 - 3/1*1). Let f be 13/39 - a/3. What is the greatest common factor of f and 36?
18
Suppose -1334 + 4986 = 2*n. Calculate the highest common factor of n and 22.
22
Let g(j) = -j**2 + 3*j + 13. Let c be g(4). Let z be (-12)/(-3) - (0 + 0). Suppose z*d + 75 = c*d. What is the highest common factor of d and 60?
15
Let b = 66 + -57. What is the greatest common factor of b and 18?
9
Suppose -3*p + 0*n + 45 = -2*n, 43 = 2*p + 3*n. Suppose k + 4 = 72. What is the highest common divisor of k and p?
17
Let k(l) = 8*l + 325. Let h be k(-40). Let b = -16 + 36. Calculate the greatest common divisor of b and h.
5
Let w be (54/21)/((-3)/(-210)). Suppose -6*t - 3*t = -w. What is the highest common divisor of 70 and t?
10
Let t be ((-70)/(-21) + -6)*210/(-56). Suppose -4*r = -2*r - 50. What is the highest common factor of t and r?
5
Let t(j) = j**3 + 55*j**2 - 2*j + 49. Let o be t(-55). Calculate the greatest common factor of o and 583.
53
Suppose -205*l = -201*l - 8. Calculate the greatest common divisor of l and 122.
2
Let i be 18/5 + 10/25. Suppose -3*m + 120 = -r + 6*r, 120 = 5*r - i*m. Calculate the highest common divisor of 8 and r.
8
Suppose -5*n = -3*j - 2644, 908 + 676 = 3*n - j. Calculate the highest common factor of n and 17.
17
Let v(z) = -z**3 - 5*z**2 - 3*z + 6. Let i be v(-4). Suppose i*c - 132 = -c. What is the highest common divisor of 66 and c?
22
Let h(u) = -3*u - 2. Let q be h(-2). Let v be 0/(-5 + 11) - (-20)/1. What is the greatest common factor of v and q?
4
Let f = 58 + -52. Suppose 17*z = 16*z + f. Calculate the highest common factor of z and 66.
6
Let t = -80 + 83. Let q be 210/20*1/(t/4). Calculate the greatest common factor of q and 98.
14
Let p(k) = 11*k + 2. Let w be p(2). Let j = -44 - -41. Let t be 20/j*(-7 - 2). What is the highest common factor of w and t?
12
Let u be (48/5)/(3/15). Suppose -o - u = -3*d + o, 2*o - 32 = -2*d. Calculate the highest common factor of d and 176.
16
Let x = -246 + 252. What is the greatest common factor of x and 282?
6
Suppose 4*x - 37 = -5. Let z = -11 + 17. Let g be (z/(-3) + 1)*-40. What is the highest common divisor of x and g?
8
Suppose z - 480 = -478. Calculate the greatest common factor of z and 2.
2
Let b(g) = g**3 - 3*g + 2. Let t = -13 + 15. Let m be b(t). Let j be m + (2 - 0) + -1. Calculate the greatest common divisor of j and 5.
5
Let m = -143 + 206. Suppose -2*z + y + 84 = 6*y, 4*z - 168 = 2*y. What is the highest common factor of z and m?
21
Let o = 179 - 131. Calculate the highest common factor of 528 and o.
48
Let f = 10 + -18. Let h(x) = -x - 5. Let c be h(f). Suppose -8 = c*g - 41. What is the greatest common factor of 88 and g?
11
Suppose 0 = s - 4*s - 4*y + 263, 0 = -s + 5*y + 75. Calculate the greatest common divisor of s and 119.
17
Suppose -168 = -3*x - 4*i + 580, -2*x + 5*i + 514 = 0. Let q = 116 - 80. Calculate the highest common factor of q and x.
36
Suppose 2*l - 144 = -l. Suppose 0 = -b - 3*b - l. Let u be 1*5/((-10)/b). Calculate the greatest common factor of 54 and u.
6
Suppose -37*f + 35*f + 24 = 0. Suppose 5*v + 30 = c, -4*v = -f + 28. What is the highest common factor of 70 and c?
10
Let c = 208 - 182. What is the highest common divisor of 117 and c?
13
Let o be (-2 + (-199 - 0))*(7 + -8). Calculate the highest common divisor of 67 and o.
67
Suppose 16*y = 12*y - 3*o + 160, -y + 3*o = -40. What is the highest common factor of y and 500?
20
Let f = 2704 + -2165. Calculate the highest common factor of 33 and f.
11
Suppose 9*a - 5*a - 132 = 0. Let i = 17 + -14. What is the highest common factor of a and i?
3
Let q(n) = -n**3 - 10*n**2 - 8*n + 6. Let d be q(-8). Let b = d - -89. Suppose 9*k - 868 = 5*k. What is the greatest common factor of b and k?
31
Let i be 14/(-13 - -6 - -8). What is the greatest common divisor of i and 147?
7
Suppose -o - 213 = -279. What is the highest common factor of o and 11?
11
Let q(o) = -o**2 - 14*o + 4. Let j be q(-6). Suppose m = 5*m - j. What is the highest common factor of m and 1?
1
Suppose -c = -2*c + 8. Let n be 66/(1/(-84)*-9). Suppose 8*w = w + n. Calculate the greatest common factor of c and w.
8
Let c(s) = -s**2 + 11*s - 6. Let a be c(11). Let v be ((-3)/a)/(2/(-10692)). Let y be (-6)/16 + v/(-88). Calculate the greatest common factor of y and 6.
6
Let r = -549 + 849. Suppose -5*x = p - r, 0 = 3*x - 0*x - 3*p - 180. Calculate the greatest common factor of x and 15.
15
Let u(w) = 29*w + 3. Let b(o) = 7*o + 1. Let j(y) = 9*b(y) - 2*u(y). Let f be j(3). What is the greatest common factor of 18 and f?
18
Let n be 1/3 - 0 - 20366/(-102). Calculate the greatest common divisor of n and 8.
8
Suppose 5 = 11*d - 6*d. Let r be (475/(-6))/(-19) - d/6. What is the greatest common divisor of 6 and r?
2
Let a = 589 + -354. Calculate the greatest common factor of 94 and a.
47
Let l(c) be the first derivative of 2*c**2 + c + 9. Let b be l(2). Suppose 4 = -5*v + b*v. Calculate the greatest common factor of 8 and v.
1
Let g = 118 + -8. Let u(b) = b**3 + 3*b**2 - 43*b. Let m be u(-5). Calculate the greatest common divisor of g and m.
55
Let s(i) = i**3 - 3*i**2 + 2*i + 2. Let v be s(2). Let x be ((-144)/(-192))/((-3)/(-12)). Calculate the greatest common divisor of x and v.
1
Let a be ((-3)/(-2))/((-18)/(-564)). Suppose a = z - 4*m + 13, m = -5. What is the highest common factor of 42 and z?
14
Let z(i) = 6*i**2 - 14*i. Let u be z(5). Suppose 0 = 5*j - 75 - u. Calculate the highest common factor of 341 and j.
31
Let o = -40 + 148. Let m = -23 + 35. Calculate the highest common factor of m and o.
12
Let r(u) = 41*u**2 - 236*u - 20. Let o be r(6). What is the highest common factor of 100 and o?
20
Suppose 0 = -3*k - 4*s + 761, -5*k + k = 4*s - 1020. What is the greatest common factor of k and 7?
7
Suppose -v = 3*c - 0*v - 14, 3*v = -c + 18. L